+ -17)) - (10 - 0)?
1
Evaluate (2 - 0 - 3) + 5 + -16 + 16.
4
Calculate -19 + 19 + -12 + 18.
6
Evaluate -28 - (-10 - -8 - 13).
-13
Evaluate 172 + -173 - (-2 - -22).
-21
9 - ((9 - (-9 - -18)) + 8)
1
What is the value of -12 - (3 + (-12 + -31 - (-1 - 4)))?
23
Calculate -18 - (8 + -7 + -22).
3
What is (4 + (-10 - -9) - -9) + 1?
13
What is the value of (-5 - -11) + (-4 + -1 - 3)?
-2
What is the value of (-6 + -3 - -28) + -7?
12
Calculate 0 - (-8 + 1) - (-9 + 15).
1
0 - -4 - (0 + (-7 - -3) - 2)
10
Evaluate (-43 - -43) + (12 - -6).
18
Evaluate 7 + 0 + (-17 - -4 - (43 - 63)).
14
What is (18 - (8 + (-10 - -15))) + -35 + -1?
-31
-6 - (8 + (-18 - (-4 - -4)))
4
What is (-1 - 2 - (20 + -8 - 16)) + -18?
-17
-3 + (-20 - -12) + 7
-4
Evaluate (-31 + 26 - (1 - 5)) + (-4 - -3).
-2
Evaluate 4 - (11 + 0 + 4) - 6.
-17
What is the value of 1 + -4 + 4 + 5 + -13 + 7?
0
Evaluate (13 - (-9 + -1 + 15)) + -3.
5
What is (-32 - (-13 + -1)) + 17?
-1
What is the value of -1668 - -1660 - (13 + -2 + 1)?
-20
Calculate -15 - (21 + 2 + -33).
-5
What is the value of 3 + (-34 - -25) + (-2 - -12)?
4
-7 - (-12 - (-6 + (-4 - (-14 - -7))))
2
Evaluate -17 + (-3 - (12 + -17) - -9).
-6
Evaluate 17 + -2 - (0 + 5) - -2.
12
Calculate 34 + (1 + -21 - -2) - 32.
-16
Calculate (-16 - 5) + 17 + 1.
-3
What is (4 - 10) + -5 - (-65 - -58)?
-4
(2 - 10) + -744 + 726
-26
Calculate 7 + -8 + 26 + -7 + -13.
5
What is (-23 - -54) + -26 - 1?
4
(-5 - (7 + -16 - -14)) + -5 + 2
-13
What is (0 - 1 - -2) + -47 + 46 + -9?
-9
What is the value of -12 + (-4 - -9) + 16?
9
What is the value of 7 - (-6 + 0 - (-6 + -12))?
-5
-14 - (-16 - 1) - 6 - (6 - 2)
-7
What is the value of 2 + 12 + 2 - 17?
-1
What is (2 - -12) + (6 - (9 + -2))?
13
What is the value of (-2 - -5) + (-4 + 5 - -11) - 6?
9
Evaluate 12 + (0 + -2 + 0 - 2) + 12.
20
Calculate (-15 - -1) + -72 + 83.
-3
(4 + -1 - 14) + 23 + 6
18
Evaluate (-1 - 0) + (10 - 12) + 2 + -2.
-3
What is the value of 24 + (-24 - 16 - -16)?
0
Evaluate (-7 + 23 - 25) + -8.
-17
Evaluate -122 - -111 - (0 + (0 - -2)).
-13
What is 7 + (24 - 26) + (-35 - 4)?
-34
Evaluate -2 - -5 - 3 - (0 + -3).
3
Calculate -8 + 10 + 2 + (-11 - -3) + 26.
22
Evaluate -3 + 6 - -3 - (-15 - -14).
7
Evaluate -6 + (39 - 15 - 24).
-6
-30 - (-21 - (-4 - -1))
-12
Evaluate 9 + 7 + -1 + -12.
3
Calculate -386 - -393 - (7 + (-1 - -1)).
0
Evaluate 6 + (-47 - 2) - (-8 + 9 - 12).
-32
-12 + (7 + 2 - 11) + 8
-6
Evaluate 0 + -4 + -9 + -11 + 28 - -24.
28
Calculate -16 - (20 + -26 - (-5 + 5 + -6)).
-16
Calculate 3 + -19 + 0 + 8.
-8
What is 0 - -1 - (-5 + -2) - (-226 + 228)?
6
What is 330 + -330 + 4 + -1 - (7 - 0)?
-4
Evaluate -4 + (-4 - (6 + -37 + -2 + -6)).
31
-11 + 3 + 67 + -77 + -6
-24
What is 5 - (2 + 0 - (5 + 5) - -2)?
11
What is the value of -28 + 15 + (7 - 6)?
-12
What is the value of (-6 - 5) + 336 + -300?
25
What is the value of (2 - 13) + -181 + 185?
-7
Evaluate 81 + -97 - (-13 + 1).
-4
What is the value of (13 - -1) + 7 + (-37 - -22)?
6
What is the value of 3 + (4 - 19) - (81 - 110)?
17
What is the value of -1 + -9 - (-16 + 40 + -46)?
12
Calculate -5 - ((-1 - -2) + 5 + (41 - 45)).
-7
What is the value of 83 - 116 - (-2 - -6 - 20)?
-17
What is (-3 - -5) + 2 - (4 + 6)?
-6
Evaluate -30 + 20 + -4 + -9.
-23
What is the value of -9 + 5 + 9 - -9 - (6 - 2)?
10
Calculate -14 + (-19 - -17 - -31).
15
What is 7 + -10 + (1 - -15) + 7?
20
What is the value of 3 + (-10 - 0) - -9?
2
Calculate 17 + -36 - (-1 - (3 - 8 - -11)).
-12
15 - 3 - -1 - (-241 + 255)
-1
What is the value of -15 - (-33 - 1 - -37)?
-18
What is (9 - (-35 + 14)) + -31?
-1
Evaluate 27 - (14 + -13 - -18) - 44.
-36
Evaluate -2 + (-1 - 0) + (-3582 - -3565).
-20
What is the value of -5 - (32 - (-19 - -73))?
17
9 + -23 + (1 - -4)
-9
What is the value of 12 + (-4 - 1) - 4?
3
Calculate -1 + 2 + -12 - (1 - 16).
4
Evaluate (706 - 709) + (-1 - (10 + -1)).
-13
-24 - (-3 + -46) - 9
16
Evaluate (23 - 7 - 9) + -14.
-7
What is the value of (0 + -10 - (-1 - 0)) + 1119 + -1094?
16
Evaluate 11 - (13 + -7) - 9.
-4
What is the value of -3 + 6 - (41 + -18)?
-20
Calculate 13 + 11 + -14 + -12.
-2
Evaluate (17 - 24) + (24 - 10).
7
-20 + 25 + (1 - -1) + -7
0
Evaluate 16 - (-10 + (14 - -7)) - -15.
20
What is 22 + (10 - (13 - 6) - (0 + 5))?
20
What is the value of 14 + (-1 + 14 - 26) + 17?
18
17 + -3 + (6 - 2) + 1
19
-1 + (8 - (9 + 1)) + 12
9
Evaluate 32 - (18 - -21) - 12.
-19
(-6 - 0) + -13 + -12 + 24
-7
(-1 - 0) + -1 - (-19 - (16 - 25))
8
What is 1 + 11 + -11 + 10 - (1 - -6)?
4
Calculate -9 + (-7 - (-18 - -6)) + 6 + -8.
-6
Evaluate 1 + (-74 + 72 - (-8 + 1)).
6
Calculate (-9 - -11 - 10) + 9 + -3.
-2
Evaluate -9 - (-10 - (47 - 35)).
13
What is the value of -9 + (6 - (13 + (-2 - 2) - 3))?
-9
Evaluate -14 - (-7 + (-1 - (8 - 11))).
-9
What is the value of 1 + 2 + (-2 + 8 - 11) + -7?
-9
Calculate 16 - ((1 - 7) + (-4 - -6)).
20
What is -5 - (-24 + 13 + -9)?
15
Evaluate (5 - 2) + 41 + -31.
13
(-9 - -16) + -32 + 14
-11
Calculate 3 - (-16 - (-37 + (-3 - -11))).
-10
What is the value of -2 + 0 + -11 + (-5 - -10)?
-8
What is the value of 8 - 0 - 1 - (-8 + (28 - 14))?
1
-124 + 73 - (6 + -36)
-21
Calculate -41 - (28 + (-85 - -19)).
-3
What is the value of (-3 - 4 - -4 - (-2 - 3)) + -10?
-8
What is the value of (-11 - -4) + ((45 - 8) + -17 - 12)?
1
What is the value of -22 - ((3 - 12) + (0 - 2))?
-11
Calculate 3 + (12 - 8 - 16).
-9
What is -34 - -36 - (26 + 6)?
-30
(19 + 58 - 30) + -30
17
Calculate 4 + -14 - -4 - (-6 - -5).
-5
What is 14 + 2 + -13 + 12?
15
Calculate (-1 - (2 - 2)) + -19 + 15 + -15.
-20
What is the value of -7 - (1 + (7 - 8)) - -20?
13
Evaluate (1 - -2) + -19 + 21.
5
1 + 7 + (16 - (1 - -11))
12
What is 3 + 7 + (-2 + (-5 - -1) - -4)?
8
Calculate (-5 + 6 - -19 - 1) + -11.
8
What is 1 - 12 - (90 + -23 - 60)?
-18
-50 + 33 + -9 + 27
1
Calculate 28 + -13 - 18 - -18.
15
Evaluate -28 - (16 - 56 - 15).
27
What is (-1 + 11 - -2) + (-47 - -26) + 29?
20
Calculate (-15 - (2 + -9)) + 14 - (0 - -5).
1
What is the value of -12 - (-14 - (-10 - -7))?
-1
Calculate -34 + (7 - -4) + -13 + -2 + 7.
-31
Calculate (4 + -2 - 1) + 1321 + -1333.
-11
What is the value of -2 + (-120 + 117 - (-5 - (1 + -2)))?
-1
(21 - 1 - (0 - (11 + -17))) + -3
11
Evaluate 12 + 35 + -37 + 23.
33
0 + 5 + -4 + -3 + 10
8
Calculate 10 + (6 + -7 - (-5 + -3)) + -1.
16
What is the value of (-5 - -23) + 8 - 14 - 9?
3
-1 + 2 - -4 - 1 - (834 - 865)
35
What is the value of -263 + 272 - (4 + -1)?
6
Calculate 2 + -7 - -12 - 5 - (9 + -13).
6
What is -7 + (7 - 12 - -2) - -8?
-2
-11 - (24 + 2 + -12)
-25
What is -4 - (-11 + -12) - 25?
-6
Evaluate -14 + 8 + (-6 - ((0 - 2) + -2)).
-8
Evaluate 71 - 0 - (1972 - 1932).
31
What is the value of -9 + 2 - ((21 - (19 + -13)) + -5)?
-17
Calculate (17 + -47 + 17 - -9) + (-8 - 0).
-12
What is -14 - -11 - -10 - (-7 + 4 + -3)?
13
Evaluate (-6 - 33 - -12) + 9.
-18
What is 3 - 12 - (-5 - 3)?
-1
What is -12 - -9 - (-16 - -22)?
-9
Evaluate (6 - 13 - (-32 + 19)) + 27.
33
What is -4 - (14 - (-10 + 29))?
1
What is the value of 31 + 5 - 21 - (-1 + 6)?
10
What is the value of 3 + (11 - 30) - -9 - (3 + -4)?
-6
What is (-9 - -7) + -3 + 4?
-1
What is the value of 10 + -7 + (-3 + -7 - -16)?
9
Calculate 22 - 12 - (-3 - (0 + 1)) - -8.
22
What is the value of 0 + -1 - (3 + -3) - -4 - 7?
-4
Calculate (-41 - (-19 + 16)) + 7 - (-7 - 0).
-24
Evaluate -5 - ((-7 + 14 - 9) + 4) - -39.
32
5 + 5 + -9 + (-1 - (9 - 8))
-1
23 + (-13 + (4 - -15) - -4)
33
Calculate -16 + (-3 - 1) + 17 + 5 + -27.
-25
Calculate (0 - -7) + -4 + -3 + 2 + -3.
-1
Evaluate (10 - 1) + (1 - -5) + (-1 - 4).
10
Calculate 1 - (-15 + -6) - (0 - (-6 + 3)).
19
What is -44 + 39 + 5 + (-9 - -8)?
-1
What is the value of 18 + -15 - -2 - ((2 - 3) + 4)?
2
7 + -1 - (86 - 80) - 12
-12
What is 15 + -3 + -3 - (29 - 2)?
-18
What is -83 - -92 - (26 + 2 - (-2 + -1))?
-22
What is -11 + 24 + (-3 - (-6 + 9)) + -1?
6
What is 4 + (-2 + 9 + 4 - (7 - -3))?
5
What is the value of 3 + 12 + -21 + 1?
-5
What is the value of (-2 - -2) + 19 + (-21 - (-26 + 17))?
7
Evaluate -7 - (3 + (-5 - 5) - (-1 - 4)).
-5
What is the value of -2 + 14 - (-158 + 156)?
14
(23 - 40 - -27) + (1 - 0 - 19)
-8
What is -24 + (-13 - -21) + 30?
14
6 - 5 - -8 - (-6 + 8)
7
-4 - (-1 - (-1 + 1)) - (46 - 40)
-9
Calculate -12 - -5 - (12 + -25) - -2.
8
-9 + -4 + (15 - 26) + -2
-26
Evaluate 114 + -106 + (-21 - 4).
-17
What is the valu